common divisor of 30 and 285?
15
Calculate the highest common factor of 3114 and 18.
18
What is the greatest common factor of 5 and 1260?
5
Calculate the greatest common factor of 30 and 24.
6
What is the greatest common divisor of 208 and 13?
13
Calculate the highest common factor of 414 and 966.
138
What is the greatest common factor of 20 and 430?
10
Calculate the greatest common factor of 357 and 84.
21
Calculate the highest common factor of 54 and 351.
27
What is the highest common factor of 1512 and 672?
168
What is the highest common factor of 114 and 12?
6
Calculate the highest common factor of 128 and 488.
8
What is the greatest common divisor of 5476 and 592?
148
What is the greatest common divisor of 120 and 528?
24
Calculate the greatest common divisor of 14 and 14.
14
Calculate the highest common divisor of 19608 and 43.
43
What is the greatest common factor of 81 and 1611?
9
What is the highest common divisor of 177 and 2183?
59
Calculate the greatest common factor of 40 and 100.
20
Calculate the greatest common factor of 651 and 14.
7
Calculate the greatest common factor of 364 and 455.
91
What is the highest common divisor of 707 and 28?
7
What is the greatest common divisor of 962 and 26?
26
What is the greatest common divisor of 8813 and 21?
7
Calculate the highest common factor of 805 and 2300.
115
What is the highest common divisor of 975 and 39?
39
Calculate the greatest common factor of 3211 and 1729.
247
What is the highest common factor of 31 and 24831?
31
Calculate the highest common divisor of 6 and 1212.
6
Calculate the greatest common factor of 4 and 523.
1
What is the greatest common divisor of 32 and 144?
16
What is the greatest common divisor of 57 and 72?
3
What is the highest common factor of 231 and 4431?
21
What is the highest common factor of 144 and 204?
12
What is the greatest common factor of 40 and 50?
10
Calculate the highest common divisor of 666 and 259.
37
What is the greatest common factor of 98 and 2?
2
Calculate the highest common factor of 44 and 341.
11
What is the greatest common divisor of 165 and 105?
15
Calculate the greatest common factor of 42 and 189.
21
What is the highest common factor of 66 and 258?
6
What is the greatest common factor of 72 and 360?
72
Calculate the highest common divisor of 2496 and 96.
96
What is the greatest common factor of 9 and 162?
9
Calculate the greatest common divisor of 973 and 2224.
139
Calculate the highest common factor of 33 and 31053.
33
What is the highest common divisor of 18 and 624?
6
Calculate the highest common divisor of 60 and 1350.
30
What is the greatest common factor of 5143 and 629?
37
Calculate the greatest common divisor of 17 and 289.
17
What is the highest common factor of 422 and 36081?
211
Calculate the greatest common factor of 236 and 1.
1
What is the greatest common divisor of 182 and 469?
7
Calculate the highest common factor of 28475 and 1275.
425
What is the greatest common divisor of 956 and 8?
4
Calculate the greatest common divisor of 60 and 1515.
15
What is the highest common divisor of 4 and 26?
2
Calculate the highest common factor of 52 and 494.
26
Calculate the highest common divisor of 180 and 6310.
10
What is the greatest common factor of 136 and 9316?
68
What is the greatest common factor of 99 and 2607?
33
What is the greatest common factor of 134 and 6?
2
What is the highest common factor of 539 and 154?
77
Calculate the greatest common factor of 3047 and 11.
11
Calculate the greatest common factor of 52 and 166.
2
What is the highest common divisor of 61 and 13603?
61
Calculate the greatest common divisor of 658 and 282.
94
Calculate the highest common factor of 23439 and 26.
13
Calculate the greatest common factor of 234 and 26.
26
Calculate the greatest common factor of 8 and 914.
2
Calculate the greatest common divisor of 60 and 57660.
60
Calculate the highest common divisor of 18 and 1791.
9
Calculate the highest common factor of 544 and 34.
34
Calculate the highest common factor of 5243 and 245.
49
What is the greatest common divisor of 6202 and 56?
14
Calculate the greatest common factor of 65 and 143.
13
What is the greatest common divisor of 210 and 336?
42
What is the greatest common factor of 3422 and 236?
118
Calculate the highest common factor of 1629 and 36.
9
What is the highest common divisor of 6 and 82?
2
What is the highest common factor of 362 and 82?
2
What is the greatest common factor of 1793 and 5216?
163
What is the greatest common factor of 336 and 144?
48
What is the greatest common divisor of 105 and 49?
7
Calculate the highest common factor of 37 and 21645.
37
What is the greatest common factor of 78 and 598?
26
Calculate the greatest common factor of 872 and 8.
8
Calculate the greatest common divisor of 36 and 1422.
18
Calculate the highest common factor of 8 and 72.
8
What is the greatest common divisor of 160 and 200?
40
Calculate the highest common factor of 1212 and 303.
303
Calculate the greatest common divisor of 134 and 1206.
134
What is the highest common factor of 624 and 1404?
156
Calculate the highest common factor of 1672 and 304.
152
What is the greatest common divisor of 126 and 315?
63
Calculate the greatest common factor of 78 and 6.
6
What is the greatest common factor of 35 and 2065?
35
Calculate the highest common factor of 380 and 100.
20
Calculate the highest common divisor of 296 and 814.
74
Calculate the greatest common factor of 68 and 16.
4
What is the highest common divisor of 38 and 304?
38
Calculate the highest common divisor of 630 and 14070.
210
Calculate the highest common divisor of 143 and 104.
13
Calculate the greatest common divisor of 3395 and 70.
35
Calculate the highest common factor of 20 and 108.
4
Calculate the highest common factor of 165 and 33.
33
What is the highest common factor of 63 and 336?
21
What is the highest common divisor of 19888 and 176?
176
What is the greatest common divisor of 132 and 30?
6
What is the highest common divisor of 57 and 32699?
19
What is the greatest common factor of 1364 and 352?
44
What is the greatest common factor of 9760 and 100?
20
Calculate the greatest common divisor of 48 and 108.
12
What is the greatest common divisor of 329 and 141?
47
Calculate the highest common factor of 3 and 78.
3
What is the greatest common divisor of 160 and 660?
20
What is the greatest common divisor of 15846 and 114?
114
What is the greatest common divisor of 3725 and 298?
149
What is the greatest common divisor of 108 and 66?
6
What is the highest common factor of 3 and 479?
1
What is the greatest common divisor of 46915 and 55?
55
What is the highest common divisor of 18 and 297?
9
What is the highest common divisor of 550 and 4290?
110
What is the greatest common factor of 133 and 103873?
133
Calculate the greatest common divisor of 6125 and 125.
125
Calculate the greatest common divisor of 49 and 49.
49
What is the highest common factor of 30866 and 92?
46
What is the greatest common divisor of 525 and 105?
105
Calculate the highest common factor of 34 and 918.
34
What is the highest common divisor of 4 and 2012?
4
Calculate the greatest common factor of 117 and 156.
39
Calculate the greatest common divisor of 10 and 10.
10
Calculate the greatest common divisor of 1428 and 140.
28
Calculate the highest common factor of 108 and 36207.
27
Calculate the greatest common factor of 13 and 6331.
13
What is the highest common factor of 4 and 80?
4
What is the greatest common factor of 781 and 473?
11
What is the greatest common factor of 25 and 2135?
5
What is the highest common factor of 1377 and 17?
17
Calculate the highest common divisor of 566 and 4.
2
What is the highest common divisor of 6759 and 36?
9
What is the greatest common divisor of 280 and 70?
70
Calculate the highest common factor of 126 and 651.
21
What is the highest common factor of 36790 and 130?
130
Calculate the greatest common factor of 80 and 20.
20
Calculate the highest common divisor of 8509 and 67.
67
Calculate the greatest common factor of 658 and 470.
94
What is the greatest common factor of 93 and 403?
31
What is the greatest common divisor of 72 and 28872?
72
Calculate the greatest common factor of 90 and 72.
18
Calculate the greatest common fac